lculate the remainder when 39 is divided by o(u).
9
Suppose -2*n = 3*k - 136, -5*n = 23*k - 19*k - 340. What is the remainder when 474 is divided by n?
66
Let r = -193 + 244. What is the remainder when 201 is divided by r?
48
Let o = -221 + 414. What is the remainder when o is divided by 5?
3
Let n(w) = w**3 + 16*w**2 + 16*w + 16. Calculate the remainder when (-2 - -5)/1 - (-1 + 1) is divided by n(-15).
0
Let s(i) = -i**2 - 64*i - 166. What is the remainder when s(-51) is divided by 100?
97
Suppose -20*v + 296 = -24. What is the remainder when 19 is divided by v?
3
Let l = 7 + 16. Suppose 18 + 53 = 4*h - 3*j, -h = -4*j - 21. Suppose 0 = -h*a + 22*a - 30. What is the remainder when l is divided by a?
5
Let c(z) = 8*z + 3. Let s(w) = w**2 + 12*w + 4. Calculate the remainder when s(-13) is divided by c(1).
6
Suppose 4*w = -4*a - 0*a + 8, 2*a - 4 = 2*w. Suppose 2*s = -3*p + 10, p + 5*s = -a*p + 7. Calculate the remainder when 59 is divided by (-3)/4*-4*p.
11
Suppose b = 6*n - 4*n - 6, 0 = 5*n - 2*b - 15. Calculate the remainder when 62 is divided by n.
2
Let a = -10 + -8. Let r = a - -41. Suppose 5*d - 158 + r = 0. What is the remainder when d is divided by 7?
6
What is the remainder when (6345/6)/15*2 is divided by 36?
33
Let s(k) = 2*k - 2. Suppose 4*i - 9 = -g, 1 = 3*g - 3*i + 4. Calculate the remainder when s(4) is divided by g.
0
Suppose 0 = 3*j - 4*z - 209, -2*z - 2*z = 4*j - 232. Calculate the remainder when 313 is divided by j.
61
Let z = -266 - -300. Calculate the remainder when 59 is divided by z.
25
Let d = -3 - -10. Suppose 3*t + 2*z = 176, 0 = -2*t - 3*z + 7*z + 96. Let y = -37 + t. Calculate the remainder when y is divided by d.
5
Let l = -13 - 11. Let a = 40 + l. Suppose y = -2*b + 4, -2*b - 4 = 5*y - a. What is the remainder when 4 is divided by y?
0
Suppose 5*n - 4*p = -0*p + 471, 2*n = p + 186. Suppose 3*f - 86 = -6*d + 2*d, 4*f = -4*d + 84. Calculate the remainder when n is divided by d.
22
Let u = 16 - -6. Suppose 5*z = 3*z + u. Suppose 0 = 3*o + q - 133, 3*o - 14 - 107 = 2*q. Calculate the remainder when o is divided by z.
10
Let o be (-4)/5 + (-714)/(-30). Suppose 0 = -f + o + 1. Suppose -4*j = -3*g + 75 + 36, 3*j = -g + f. Calculate the remainder when g is divided by 12.
9
Suppose -3*u = u - 12. Suppose -u*p + 58 + 35 = 0. Let a = -2222 - -2234. What is the remainder when p is divided by a?
7
Let r = -716 - -1664. Calculate the remainder when r is divided by 56.
52
Suppose -74 = -17*u + 351. What is the remainder when 159 is divided by u?
9
Let m = -46 + 69. Let d be (0 - (2 + 3))*-3. Let n = m - d. Calculate the remainder when 29 is divided by n.
5
Let r be (-14)/(-6) + -3 - 798/(-9). Suppose 84*q = r*q - 348. What is the remainder when q is divided by 13?
9
Let j = -60 - -61. Calculate the remainder when (4/(-6))/(j/(-156)) is divided by 7.
6
Let n = -2 - -5. Suppose n*g - 124 + 25 = 0. Calculate the remainder when 97 is divided by g.
31
Let y(t) = t**2 + 9*t - 2. Suppose 5*v = -0*v - 55. What is the remainder when 49 is divided by y(v)?
9
Let k = 13 - 0. What is the remainder when 0 - 1/((-5)/190) is divided by k?
12
Suppose -6*v + r = -v - 24, -4*v = r - 21. Suppose z + v = -4. Let c = 15 - z. What is the remainder when c is divided by 9?
6
Let p be 5/((-15)/9) + -2. Let k(x) = x**3 + 6*x**2 - 2*x + 3. Suppose -11*d - 26 = -136. Calculate the remainder when k(p) is divided by d.
8
Let y(z) = -z**2 - 22*z - 8. Let x be y(-22). What is the remainder when 97 is divided by (-84)/8*(-2 - x/(-3))?
48
Suppose -5*b - 4*o + 2*o = -884, -4*b - 5*o = -697. Calculate the remainder when b is divided by 37.
30
Suppose -2*s = -15 - 13. Suppose 0 = 5*a + 12 - 42. What is the remainder when s is divided by a?
2
Let v(c) = -2*c + 23. Let z(f) = -3*f + 45. Let u(h) = -5*v(h) + 3*z(h). Calculate the remainder when u(-10) is divided by 7.
3
Let s = 704 - 686. What is the remainder when 244 is divided by s?
10
Suppose t - 385 = -103. Suppose -4*b + 2*o = -b - t, -190 = -2*b + 2*o. What is the remainder when -1 + b - 20/10 is divided by 23?
20
Let a = 279 - 258. Let g be (1/2)/((-2)/8). What is the remainder when a is divided by (3/g)/((-1)/8)?
9
Suppose 27 = 9*v - 36. Suppose -4*o + 6*o = 18. What is the remainder when o is divided by v?
2
Suppose 0 = -0*b + b. Let t be (4 + (-8 - -3))*b. Suppose 3*m = 4*k + 39, t = 2*m - 3*k - 24 - 3. What is the remainder when 32 is divided by m?
5
Let y be (-112)/12 - 2/(-6). What is the remainder when -1*(-2 - -5)*24/y is divided by 5?
3
What is the remainder when 183 is divided by (-56)/(-6)*(-15)/(-2)?
43
Suppose -3 = -3*g + 3. Let i(a) be the second derivative of 7*a**3/6 + a**2 + a. What is the remainder when 62 is divided by i(g)?
14
Suppose -4*s + s = -66. Let i be (-25)/10 + 2 + 358/4. Let j = -4 + i. What is the remainder when j is divided by s?
19
Suppose 4*k = 5*k + 5. Let q = k - -7. Suppose q*w + 10 = 7*w. Calculate the remainder when 9 is divided by w.
1
Let c(s) be the third derivative of s**5/60 + s**4/6 - 2*s**2. Let d = 292 - 297. What is the remainder when 19 is divided by c(d)?
4
Let j = 5 + -8. Let n(a) = a**3 + 4*a**2 + a - 1. What is the remainder when (2 + -3)*(-6 - -7) - -15 is divided by n(j)?
4
Let p be -1 + -1 + 1 + -1. Let r(h) = -11*h**3 + 2*h**2 - 154*h - 153. What is the remainder when (-4)/p - 78/(-2) is divided by r(-1)?
13
Suppose -15 = 3*n, -3*p - 15 = 2*p + 5*n. Suppose p*m - m = 6. Let w(i) = 605*i + 4246. Calculate the remainder when w(-7) is divided by m.
5
Let n be ((-6)/(-21) - 19/(-7)) + -5. What is the remainder when 35 is divided by (n/(-6))/((-3)/(-162))?
17
Let h = -1167 - -1216. What is the remainder when 129 is divided by h?
31
Let i be (-115)/25 - 6/15. Let o be 6 - i - (-2)/2. Suppose -o = k - 30. Calculate the remainder when k is divided by 5.
3
Suppose -d = -32 + 86. Let j = d - -64. Calculate the remainder when j is divided by 8.
2
Suppose -p - 4*p + 95 = 0. Let x(r) = 3*r**2 + 8. Suppose -5 = h - 4*f, 0*h - h = -f - 1. Calculate the remainder when x(h) is divided by p.
16
Let g(b) = -2*b**3 + 4*b**2 - 4*b + 2. Let d be g(2). Calculate the remainder when 94 is divided by (d - -18)*(2 + 0).
22
Let a = -1512 - -1710. Calculate the remainder when a is divided by 16.
6
Let z(t) = -2*t**2 - t. Let w be z(1). What is the remainder when 45 is divided by 2 - 3/w - -13?
13
Let c(k) = 59*k**2 + 2*k + 1. Suppose 5*x + 4 = 4*x. Let o be (-1 - 0)*x/(-4). Calculate the remainder when c(o) is divided by 15.
13
Suppose 5*i + 114 + 21 = 0. Suppose t = -2*j - 3*j - 55, -5*j + 4*t = 80. Calculate the remainder when (j/(-9))/((-3)/i) is divided by 7.
5
Let f(z) = z**2 + 2*z + 2. Let i be f(-3). Let x = i - -1. Suppose 0 = x*r - r - 45. Calculate the remainder when 43 is divided by r.
7
Suppose -14 = -h - 5*p, 3*h - 32 = -0*p - 5*p. Calculate the remainder when 42 is divided by h.
6
Suppose 3*f = -5*b + 9, -2*b + 0*f + 4*f = 12. Let u = b - -9. What is the remainder when u is divided by (-9680)/(-1573) - 4/26?
3
What is the remainder when 94*((-88)/16 + 11) is divided by 105?
97
Let w(c) = -5*c - 7. Let t be w(-3). Suppose -3*d - d + t = 0. Suppose 5*m - 2*m = 3*g + 33, 4*g - 40 = -d*m. What is the remainder when m is divided by 5?
4
Suppose 33 = -3*d - 3*a, 3*d + 4 = 5*a - 29. Let r(y) = -3*y - 27. Suppose 0 = 3*f + 1 - 67. What is the remainder when f is divided by r(d)?
4
Suppose 107*f - 94*f - 2847 = 0. Calculate the remainder when f is divided by 6.
3
Let t = 186 + -182. What is the remainder when 11 is divided by t?
3
Let q be 36/6 + (-5 - (2 - 4)). Suppose a = -5*c + 342, 198 = 3*c - 0*a - q*a. What is the remainder when c is divided by 24?
20
Let i be (-1)/(-5 + (-9)/(-2)). Suppose 2 = -x - i, 2*q - 266 = 3*x. What is the remainder when q is divided by 33?
28
Suppose 0*p - 234 = -3*h + p, 2*p = 0. Suppose -18 = 5*b - h. Calculate the remainder when 18 is divided by b.
6
Let x(p) = -3*p - 4*p**2 - 3*p**2 + 2*p**2 + 3*p**2 + 4. Let z be x(-3). Calculate the remainder when 1 is divided by 7/(-28)*(z + 1).
0
Suppose a - 4 = 55. Suppose -20 = 3*j + 2*j. Calculate the remainder when a is divided by -3 - (-24 - (j - -3)).
19
Let n = 84 + -46. Let a = n - 28. What is the remainder when 27 is divided by a?
7
Let u(s) = s**3 + 10*s**2 - 25*s + 10. Let o(i) = 13*i - 1. Su